[INFO] fetching crate sylvia-iot-broker 0.0.13...
[INFO] checking sylvia-iot-broker-0.0.13 against master#e6e4f7ed1589e03bc2f6c5931c1a72e7947e8682 for beta-170-4
[INFO] extracting crate sylvia-iot-broker 0.0.13 into /workspace/builds/worker-6-tc2/source
[INFO] validating manifest of crates.io crate sylvia-iot-broker 0.0.13 on toolchain e6e4f7ed1589e03bc2f6c5931c1a72e7947e8682
[INFO] running `Command { std: CARGO_HOME="/workspace/cargo-home" RUSTUP_HOME="/workspace/rustup-home" "/workspace/cargo-home/bin/cargo" "+e6e4f7ed1589e03bc2f6c5931c1a72e7947e8682" "metadata" "--manifest-path" "Cargo.toml" "--no-deps", kill_on_drop: false }`
[INFO] started tweaking crates.io crate sylvia-iot-broker 0.0.13
[INFO] finished tweaking crates.io crate sylvia-iot-broker 0.0.13
[INFO] tweaked toml for crates.io crate sylvia-iot-broker 0.0.13 written to /workspace/builds/worker-6-tc2/source/Cargo.toml
[INFO] crate crates.io crate sylvia-iot-broker 0.0.13 already has a lockfile, it will not be regenerated
[INFO] running `Command { std: CARGO_HOME="/workspace/cargo-home" RUSTUP_HOME="/workspace/rustup-home" "/workspace/cargo-home/bin/cargo" "+e6e4f7ed1589e03bc2f6c5931c1a72e7947e8682" "fetch" "--manifest-path" "Cargo.toml", kill_on_drop: false }`
[INFO] running `Command { std: "docker" "create" "-v" "/var/lib/crater-agent-workspace/builds/worker-6-tc2/target:/opt/rustwide/target:rw,Z" "-v" "/var/lib/crater-agent-workspace/builds/worker-6-tc2/source:/opt/rustwide/workdir:ro,Z" "-v" "/var/lib/crater-agent-workspace/cargo-home:/opt/rustwide/cargo-home:ro,Z" "-v" "/var/lib/crater-agent-workspace/rustup-home:/opt/rustwide/rustup-home:ro,Z" "-e" "SOURCE_DIR=/opt/rustwide/workdir" "-e" "CARGO_TARGET_DIR=/opt/rustwide/target" "-e" "CARGO_HOME=/opt/rustwide/cargo-home" "-e" "RUSTUP_HOME=/opt/rustwide/rustup-home" "-w" "/opt/rustwide/workdir" "-m" "1610612736" "--user" "0:0" "--network" "none" "ghcr.io/rust-lang/crates-build-env/linux@sha256:19e73879b68f455e41552ea35293514db52ea292d993f571636dbffedb77a1ee" "/opt/rustwide/cargo-home/bin/cargo" "+e6e4f7ed1589e03bc2f6c5931c1a72e7947e8682" "metadata" "--no-deps" "--format-version=1", kill_on_drop: false }`
[INFO] [stdout] 49c1c676341bbdfb8f73bb1fdd4904554bd588129b89736af98c4d9124100803
[INFO] running `Command { std: "docker" "start" "-a" "49c1c676341bbdfb8f73bb1fdd4904554bd588129b89736af98c4d9124100803", kill_on_drop: false }`
[INFO] running `Command { std: "docker" "inspect" "49c1c676341bbdfb8f73bb1fdd4904554bd588129b89736af98c4d9124100803", kill_on_drop: false }`
[INFO] running `Command { std: "docker" "rm" "-f" "49c1c676341bbdfb8f73bb1fdd4904554bd588129b89736af98c4d9124100803", kill_on_drop: false }`
[INFO] [stdout] 49c1c676341bbdfb8f73bb1fdd4904554bd588129b89736af98c4d9124100803
[INFO] running `Command { std: "docker" "create" "-v" "/var/lib/crater-agent-workspace/builds/worker-6-tc2/target:/opt/rustwide/target:rw,Z" "-v" "/var/lib/crater-agent-workspace/builds/worker-6-tc2/source:/opt/rustwide/workdir:ro,Z" "-v" "/var/lib/crater-agent-workspace/cargo-home:/opt/rustwide/cargo-home:ro,Z" "-v" "/var/lib/crater-agent-workspace/rustup-home:/opt/rustwide/rustup-home:ro,Z" "-e" "SOURCE_DIR=/opt/rustwide/workdir" "-e" "CARGO_TARGET_DIR=/opt/rustwide/target" "-e" "CARGO_INCREMENTAL=0" "-e" "RUST_BACKTRACE=full" "-e" "RUSTFLAGS=--cap-lints=forbid" "-e" "RUSTDOCFLAGS=--cap-lints=forbid" "-e" "CARGO_HOME=/opt/rustwide/cargo-home" "-e" "RUSTUP_HOME=/opt/rustwide/rustup-home" "-w" "/opt/rustwide/workdir" "-m" "1610612736" "--user" "0:0" "--network" "none" "ghcr.io/rust-lang/crates-build-env/linux@sha256:19e73879b68f455e41552ea35293514db52ea292d993f571636dbffedb77a1ee" "/opt/rustwide/cargo-home/bin/cargo" "+e6e4f7ed1589e03bc2f6c5931c1a72e7947e8682" "check" "--frozen" "--all" "--all-targets" "--message-format=json", kill_on_drop: false }`
[INFO] [stdout] 92c46f84915833b9fa8d119fecf516f818da8c58ea50deb02991dcdc0268f46d
[INFO] running `Command { std: "docker" "start" "-a" "92c46f84915833b9fa8d119fecf516f818da8c58ea50deb02991dcdc0268f46d", kill_on_drop: false }`
[INFO] [stderr]    Compiling futures-core v0.3.28
[INFO] [stderr]     Checking once_cell v1.17.1
[INFO] [stderr]    Compiling syn v2.0.17
[INFO] [stderr]    Compiling parking_lot_core v0.9.7
[INFO] [stderr]    Compiling ring v0.16.20
[INFO] [stderr]    Compiling tokio v1.28.1
[INFO] [stderr]    Compiling slab v0.4.8
[INFO] [stderr]     Checking futures-io v0.3.28
[INFO] [stderr]     Checking socket2 v0.4.9
[INFO] [stderr]    Compiling cfg-if v1.0.0
[INFO] [stderr]    Compiling generic-array v0.14.7
[INFO] [stderr]     Checking getrandom v0.2.9
[INFO] [stderr]     Checking untrusted v0.7.1
[INFO] [stderr]    Compiling libc v0.2.144
[INFO] [stderr]     Checking futures-sink v0.3.28
[INFO] [stderr]    Compiling futures-task v0.3.28
[INFO] [stderr]    Compiling futures-channel v0.3.28
[INFO] [stderr]     Checking parking_lot v0.12.1
[INFO] [stderr]     Checking num_cpus v1.15.0
[INFO] [stderr]     Checking signal-hook-registry v1.4.1
[INFO] [stderr]    Compiling futures-util v0.3.28
[INFO] [stderr]    Compiling syn v1.0.109
[INFO] [stderr]     Checking tracing-core v0.1.31
[INFO] [stderr]    Compiling rustls v0.20.8
[INFO] [stderr]     Checking crypto-common v0.1.6
[INFO] [stderr]     Checking tinyvec_macros v0.1.1
[INFO] [stderr]     Checking block-buffer v0.10.4
[INFO] [stderr]     Checking tinyvec v1.6.0
[INFO] [stderr]     Checking subtle v2.5.0
[INFO] [stderr]     Checking unicode-bidi v0.3.13
[INFO] [stderr]     Checking base64 v0.21.2
[INFO] [stderr]     Checking digest v0.10.7
[INFO] [stderr]     Checking percent-encoding v2.2.0
[INFO] [stderr]    Compiling crossbeam-utils v0.8.15
[INFO] [stderr]    Compiling ahash v0.8.3
[INFO] [stderr]     Checking form_urlencoded v1.1.0
[INFO] [stderr]    Compiling serde_json v1.0.96
[INFO] [stderr]    Compiling pin-project-lite v0.2.9
[INFO] [stderr]    Compiling bytes v1.4.0
[INFO] [stderr]     Checking cpufeatures v0.2.7
[INFO] [stderr]    Compiling paste v1.0.12
[INFO] [stderr]     Checking rustls-pemfile v1.0.2
[INFO] [stderr]     Checking unicode-normalization v0.1.22
[INFO] [stderr]    Compiling ahash v0.7.6
[INFO] [stderr]    Compiling scopeguard v1.1.0
[INFO] [stderr]    Compiling lock_api v0.4.9
[INFO] [stderr]     Checking rand_core v0.6.4
[INFO] [stderr]    Compiling smallvec v1.10.0
[INFO] [stderr]     Checking idna v0.3.0
[INFO] [stderr]     Checking rand_chacha v0.3.1
[INFO] [stderr]     Checking sha1 v0.10.5
[INFO] [stderr]     Checking http v0.2.9
[INFO] [stderr]     Checking block-padding v0.3.3
[INFO] [stderr]    Compiling rustls v0.21.1
[INFO] [stderr]    Compiling parking_lot_core v0.8.6
[INFO] [stderr]     Checking url v2.3.1
[INFO] [stderr]     Checking inout v0.1.3
[INFO] [stderr]     Checking rand v0.8.5
[INFO] [stderr]    Compiling itoa v1.0.6
[INFO] [stderr]     Checking minimal-lexical v0.2.1
[INFO] [stderr]    Compiling httparse v1.8.0
[INFO] [stderr]     Checking sct v0.7.0
[INFO] [stderr]     Checking webpki v0.22.0
[INFO] [stderr]     Checking rustls-webpki v0.100.1
[INFO] [stderr]    Compiling spin v0.5.2
[INFO] [stderr]     Checking nom v7.1.3
[INFO] [stderr]     Checking webpki-roots v0.22.6
[INFO] [stderr]     Checking cipher v0.4.4
[INFO] [stderr]     Checking concurrent-queue v2.2.0
[INFO] [stderr]     Checking hmac v0.12.1
[INFO] [stderr]     Checking parking v2.1.0
[INFO] [stderr]     Checking fastrand v1.9.0
[INFO] [stderr]    Compiling io-lifetimes v1.0.11
[INFO] [stderr]     Checking local-waker v0.1.3
[INFO] [stderr]     Checking futures-lite v1.13.0
[INFO] [stderr]     Checking async-lock v2.7.0
[INFO] [stderr]    Compiling polling v2.8.0
[INFO] [stderr]    Compiling num-integer v0.1.45
[INFO] [stderr]     Checking httpdate v1.0.2
[INFO] [stderr]    Compiling vcpkg v0.2.15
[INFO] [stderr]     Checking openssl-probe v0.1.5
[INFO] [stderr]    Compiling rustix v0.37.19
[INFO] [stderr]    Compiling time-core v0.1.1
[INFO] [stderr]    Compiling pkg-config v0.3.27
[INFO] [stderr]    Compiling time-macros v0.2.9
[INFO] [stderr]    Compiling serde_derive v1.0.163
[INFO] [stderr]    Compiling tokio-macros v2.1.0
[INFO] [stderr]    Compiling futures-macro v0.3.28
[INFO] [stderr]    Compiling thiserror-impl v1.0.40
[INFO] [stderr]    Compiling pin-project-internal v1.1.0
[INFO] [stderr]    Compiling async-trait v0.1.68
[INFO] [stderr]    Compiling libsqlite3-sys v0.24.2
[INFO] [stderr]     Checking rustls-native-certs v0.6.2
[INFO] [stderr]     Checking actix-utils v3.0.1
[INFO] [stderr]     Checking actix-service v2.0.2
[INFO] [stderr]    Compiling aho-corasick v1.0.1
[INFO] [stderr]     Checking thiserror v1.0.40
[INFO] [stderr]     Checking pin-project v1.1.0
[INFO] [stderr]     Checking nanorand v0.7.0
[INFO] [stderr]     Checking spin v0.9.8
[INFO] [stderr]    Compiling async-io v1.13.0
[INFO] [stderr]    Compiling convert_case v0.4.0
[INFO] [stderr]    Compiling unicode-segmentation v1.10.1
[INFO] [stderr]    Compiling crossbeam-queue v0.3.8
[INFO] [stderr]     Checking linked-hash-map v0.5.6
[INFO] [stderr]    Compiling regex-syntax v0.7.2
[INFO] [stderr]    Compiling derive_more v0.99.17
[INFO] [stderr]     Checking time v0.3.21
[INFO] [stderr]    Compiling heck v0.4.1
[INFO] [stderr]     Checking flume v0.10.14
[INFO] [stderr]     Checking futures-executor v0.3.28
[INFO] [stderr]     Checking serde v1.0.163
[INFO] [stderr]     Checking cbc v0.1.2
[INFO] [stderr]     Checking des v0.8.1
[INFO] [stderr]     Checking rc2 v0.8.1
[INFO] [stderr]    Compiling bytestring v1.3.0
[INFO] [stderr]    Compiling instant v0.1.12
[INFO] [stderr]     Checking encoding_rs v0.8.32
[INFO] [stderr]     Checking mime v0.3.17
[INFO] [stderr]    Compiling regex v1.8.3
[INFO] [stderr]    Compiling strsim v0.10.0
[INFO] [stderr]     Checking async-task v4.4.0
[INFO] [stderr]     Checking yasna v0.5.2
[INFO] [stderr]     Checking cookie-factory v0.3.2
[INFO] [stderr]    Compiling darling_core v0.13.4
[INFO] [stderr]     Checking p12 v0.6.3
[INFO] [stderr]     Checking log v0.4.17
[INFO] [stderr]     Checking mio v0.8.6
[INFO] [stderr]     Checking tracing v0.1.37
[INFO] [stderr]    Compiling actix-router v0.5.1
[INFO] [stderr]     Checking amq-protocol-types v7.1.2
[INFO] [stderr]     Checking serde_urlencoded v0.7.1
[INFO] [stderr]     Checking rustls-connector v0.18.1
[INFO] [stderr]     Checking chrono v0.4.24
[INFO] [stderr]     Checking local-channel v0.1.3
[INFO] [stderr]     Checking async-channel v1.8.0
[INFO] [stderr]     Checking language-tags v0.3.2
[INFO] [stderr]    Compiling anyhow v1.0.71
[INFO] [stderr]    Compiling pin-utils v0.1.0
[INFO] [stderr]     Checking atomic-waker v1.1.1
[INFO] [stderr]    Compiling radium v0.7.0
[INFO] [stderr]    Compiling doc-comment v0.3.3
[INFO] [stderr]    Compiling either v1.8.1
[INFO] [stderr]     Checking blocking v1.3.1
[INFO] [stderr]    Compiling itertools v0.10.5
[INFO] [stderr]    Compiling pest v2.6.0
[INFO] [stderr]     Checking tokio-rustls v0.23.4
[INFO] [stderr]     Checking tokio-util v0.7.8
[INFO] [stderr]     Checking actix-rt v2.8.0
[INFO] [stderr]     Checking h2 v0.3.19
[INFO] [stderr]     Checking actix-codec v0.5.1
[INFO] [stderr]     Checking actix-tls v3.0.3
[INFO] [stderr]     Checking actix-server v2.2.0
[INFO] [stderr]    Compiling darling_macro v0.13.4
[INFO] [stderr]    Compiling hashbrown v0.13.2
[INFO] [stderr]     Checking tcp-stream v0.26.0
[INFO] [stderr]    Compiling actix-web-codegen v4.2.0
[INFO] [stderr]     Checking amq-protocol-uri v7.1.2
[INFO] [stderr]    Compiling parking_lot v0.11.2
[INFO] [stderr]     Checking async-executor v1.5.1
[INFO] [stderr]    Compiling actix-macros v0.2.3
[INFO] [stderr]    Compiling num-traits v0.2.15
[INFO] [stderr]    Compiling hashbrown v0.12.3
[INFO] [stderr]    Compiling amq-protocol v7.1.2
[INFO] [stderr]     Checking semver-parser v0.7.0
[INFO] [stderr]     Checking destructure_traitobject v0.2.0
[INFO] [stderr]     Checking matches v0.1.10
[INFO] [stderr]     Checking tap v1.0.1
[INFO] [stderr]     Checking try-lock v0.2.4
[INFO] [stderr]     Checking match_cfg v0.1.0
[INFO] [stderr]     Checking ipnet v2.7.2
[INFO] [stderr]    Compiling unicode_categories v0.1.1
[INFO] [stderr]    Compiling indexmap v1.9.3
[INFO] [stderr]    Compiling atoi v1.0.0
[INFO] [stderr]    Compiling sqlformat v0.2.1
[INFO] [stderr]     Checking hostname v0.3.1
[INFO] [stderr]     Checking want v0.3.0
[INFO] [stderr]     Checking wyz v0.5.1
[INFO] [stderr]     Checking idna v0.2.3
[INFO] [stderr]     Checking unsafe-any-ors v1.0.0
[INFO] [stderr]     Checking semver v0.9.0
[INFO] [stderr]     Checking async-global-executor v2.3.1
[INFO] [stderr]    Compiling hashlink v0.8.2
[INFO] [stderr]    Compiling rustc_version_runtime v0.2.1
[INFO] [stderr]    Compiling futures-intrusive v0.4.2
[INFO] [stderr]     Checking amq-protocol-tcp v7.1.2
[INFO] [stderr]    Compiling darling v0.13.4
[INFO] [stderr]    Compiling sqlx-rt v0.6.3
[INFO] [stderr]    Compiling tokio-stream v0.1.14
[INFO] [stderr]    Compiling pest_meta v2.6.0
[INFO] [stderr]     Checking actix-http v3.3.1
[INFO] [stderr]    Compiling stringprep v0.1.2
[INFO] [stderr]    Compiling enum-as-inner v0.4.0
[INFO] [stderr]     Checking yaml-rust v0.4.5
[INFO] [stderr]    Compiling derivative v2.2.0
[INFO] [stderr]     Checking executor-trait v2.1.0
[INFO] [stderr]     Checking reactor-trait v1.1.0
[INFO] [stderr]     Checking http-body v0.4.5
[INFO] [stderr]     Checking ordered-float v2.10.0
[INFO] [stderr]    Compiling prometheus v0.13.3
[INFO] [stderr]    Compiling event-listener v2.5.3
[INFO] [stderr]     Checking tower-service v0.3.2
[INFO] [stderr]    Compiling bitflags v1.3.2
[INFO] [stderr]    Compiling dotenvy v0.15.7
[INFO] [stderr]     Checking clap_lex v0.5.0
[INFO] [stderr]    Compiling lapin v2.2.1
[INFO] [stderr]    Compiling byteorder v1.4.3
[INFO] [stderr]     Checking data-encoding v2.4.0
[INFO] [stderr]    Compiling hex v0.4.3
[INFO] [stderr]     Checking funty v2.0.0
[INFO] [stderr]     Checking clap_builder v4.3.0
[INFO] [stderr]    Compiling sqlx-core v0.6.3
[INFO] [stderr]     Checking trust-dns-proto v0.21.2
[INFO] [stderr]     Checking serde-value v0.7.0
[INFO] [stderr]     Checking hyper v0.14.26
[INFO] [stderr]     Checking bitvec v1.0.1
[INFO] [stderr]     Checking actix-web v4.3.1
[INFO] [stderr]     Checking resolv-conf v0.7.0
[INFO] [stderr]     Checking serde_yaml v0.8.26
[INFO] [stderr]    Compiling pest_generator v2.6.0
[INFO] [stderr]     Checking async-reactor-trait v1.1.0
[INFO] [stderr]     Checking async-global-executor-trait v2.1.0
[INFO] [stderr]     Checking pinky-swear v6.1.0
[INFO] [stderr]    Compiling serde_with_macros v1.5.2
[INFO] [stderr]     Checking rustc_version v0.2.3
[INFO] [stderr]     Checking typemap-ors v1.0.0
[INFO] [stderr]     Checking tokio-rustls v0.24.0
[INFO] [stderr]     Checking serde_bytes v0.11.9
[INFO] [stderr]     Checking amqp_serde v0.4.0
[INFO] [stderr]     Checking uuid v1.3.3
[INFO] [stderr]     Checking futures v0.3.28
[INFO] [stderr]     Checking lru-cache v0.1.2
[INFO] [stderr]     Checking sha2 v0.10.6
[INFO] [stderr]     Checking uriparse v0.6.4
[INFO] [stderr]     Checking thread-id v4.1.0
[INFO] [stderr]     Checking log-mdc v0.1.0
[INFO] [stderr]     Checking humantime v2.1.0
[INFO] [stderr]     Checking arc-swap v1.6.0
[INFO] [stderr]     Checking base64 v0.13.1
[INFO] [stderr]     Checking serde_with v1.14.0
[INFO] [stderr]     Checking trust-dns-resolver v0.21.2
[INFO] [stderr]     Checking bson v2.6.1
[INFO] [stderr]     Checking log4rs v1.2.0
[INFO] [stderr]     Checking amqprs v1.3.0
[INFO] [stderr]     Checking rumqttc v0.21.0
[INFO] [stderr]     Checking hyper-rustls v0.24.0
[INFO] [stderr]    Compiling pest_derive v2.6.0
[INFO] [stderr]    Compiling sqlx-macros v0.6.3
[INFO] [stderr]     Checking clap v4.3.0
[INFO] [stderr]    Compiling typed-builder v0.10.0
[INFO] [stderr]    Compiling async-stream-impl v0.3.5
[INFO] [stderr]     Checking pbkdf2 v0.12.1
[INFO] [stderr]     Checking sha-1 v0.10.1
[INFO] [stderr]     Checking md-5 v0.10.5
[INFO] [stderr]     Checking pbkdf2 v0.11.0
[INFO] [stderr]     Checking take_mut v0.2.2
[INFO] [stderr]     Checking urlencoding v2.1.2
[INFO] [stderr]     Checking sylvia-iot-corelib v0.0.13
[INFO] [stderr]     Checking actix-web-prom v0.6.0
[INFO] [stderr]     Checking json5 v0.4.1
[INFO] [stderr]     Checking reqwest v0.11.18
[INFO] [stderr]     Checking actix-cors v0.6.4
[INFO] [stderr]     Checking async-stream v0.3.5
[INFO] [stderr]     Checking sql-builder v3.1.1
[INFO] [stderr]     Checking lru v0.10.0
[INFO] [stderr]     Checking termios v0.3.3
[INFO] [stderr]     Checking terminal_size v0.1.17
[INFO] [stderr]     Checking console v0.12.0
[INFO] [stderr]     Checking laboratory v2.0.0
[INFO] [stderr]     Checking mongodb v2.5.0
[INFO] [stderr]     Checking general-mq v0.0.13
[INFO] [stderr]     Checking sqlx v0.6.3
[INFO] [stderr]     Checking sylvia-iot-broker v0.0.13 (/opt/rustwide/workdir)
[INFO] [stdout] error[E0433]: failed to resolve: use of undeclared crate or module `sylvia_iot_auth`
[INFO] [stdout]  --> tests/integration_test.rs:8:5
[INFO] [stdout]   |
[INFO] [stdout] 8 | use sylvia_iot_auth::models::SqliteModel as AuthDbModel;
[INFO] [stdout]   |     ^^^^^^^^^^^^^^^ use of undeclared crate or module `sylvia_iot_auth`
[INFO] [stdout] 
[INFO] [stdout] 
[INFO] [stdout] error[E0433]: failed to resolve: use of undeclared crate or module `sylvia_iot_auth`
[INFO] [stdout]   --> tests/routes/mod.rs:20:5
[INFO] [stdout]    |
[INFO] [stdout] 20 | use sylvia_iot_auth::libs::config as sylvia_iot_auth_config;
[INFO] [stdout]    |     ^^^^^^^^^^^^^^^ use of undeclared crate or module `sylvia_iot_auth`
[INFO] [stdout] 
[INFO] [stdout] 
[INFO] [stdout] error[E0433]: failed to resolve: use of undeclared crate or module `sylvia_iot_auth`
[INFO] [stdout]   --> tests/routes/libs.rs:18:5
[INFO] [stdout]    |
[INFO] [stdout] 18 | use sylvia_iot_auth::{
[INFO] [stdout]    |     ^^^^^^^^^^^^^^^ use of undeclared crate or module `sylvia_iot_auth`
[INFO] [stdout] 
[INFO] [stdout] 
[INFO] [stdout] error[E0433]: failed to resolve: use of undeclared crate or module `sylvia_iot_auth`
[INFO] [stdout]   --> tests/routes/middleware.rs:13:5
[INFO] [stdout]    |
[INFO] [stdout] 13 | use sylvia_iot_auth::models::Model;
[INFO] [stdout]    |     ^^^^^^^^^^^^^^^ use of undeclared crate or module `sylvia_iot_auth`
[INFO] [stdout] 
[INFO] [stdout] 
[INFO] [stdout] error[E0433]: failed to resolve: use of undeclared crate or module `sylvia_iot_auth`
[INFO] [stdout]  --> tests/routes/v1/mod.rs:6:5
[INFO] [stdout]   |
[INFO] [stdout] 6 | use sylvia_iot_auth::models::Model;
[INFO] [stdout]   |     ^^^^^^^^^^^^^^^ use of undeclared crate or module `sylvia_iot_auth`
[INFO] [stdout] 
[INFO] [stdout] 
[INFO] [stdout] error[E0432]: unresolved import `sylvia_iot_auth`
[INFO] [stdout]   --> tests/routes/libs.rs:18:5
[INFO] [stdout]    |
[INFO] [stdout] 18 | use sylvia_iot_auth::{
[INFO] [stdout]    |     ^^^^^^^^^^^^^^^ use of undeclared crate or module `sylvia_iot_auth`
[INFO] [stdout] 
[INFO] [stdout] 
[INFO] [stdout] error: aborting due to 6 previous errors
[INFO] [stdout] 
[INFO] [stdout] 
[INFO] [stdout] Some errors have detailed explanations: E0432, E0433.
[INFO] [stdout] 
[INFO] [stdout] For more information about an error, try `rustc --explain E0432`.
[INFO] [stdout] 
[INFO] [stderr] error: could not compile `sylvia-iot-broker` (test "integration_test") due to 7 previous errors
[INFO] running `Command { std: "docker" "inspect" "92c46f84915833b9fa8d119fecf516f818da8c58ea50deb02991dcdc0268f46d", kill_on_drop: false }`
[INFO] running `Command { std: "docker" "rm" "-f" "92c46f84915833b9fa8d119fecf516f818da8c58ea50deb02991dcdc0268f46d", kill_on_drop: false }`
[INFO] [stdout] 92c46f84915833b9fa8d119fecf516f818da8c58ea50deb02991dcdc0268f46d
